{"id":78,"date":"2026-02-09T01:00:57","date_gmt":"2026-02-09T01:00:57","guid":{"rendered":"https:\/\/paulvncw.fr\/?page_id=78"},"modified":"2026-03-29T18:30:03","modified_gmt":"2026-03-29T18:30:03","slug":"tarifs-contact","status":"publish","type":"page","link":"https:\/\/paulvncw.fr\/index.php\/tarifs-contact\/","title":{"rendered":"Tarifs &amp; Contact"},"content":{"rendered":"\n<p>Je propose un tarif de base de 75\u20ac\/h de pr\u00e9sence sur un \u00e9v\u00e8nement en journ\u00e9e (90\u20ac\/h de nuit) avec retouche colorim\u00e9trique simple et tri des photos inclus. Je propose ensuite une colorim\u00e9trie plus compl\u00e8te d&#8217;un nombre de photos au choix pour 1\u20ac\/photo.<br>Pour une retouche avanc\u00e9e allant au-del\u00e0 de la colorim\u00e9trie (photoshop, montage etc&#8230;), je compte 10\u20ac par heure de travail, temps que j&#8217;\u00e9valuerai et que je vous communiquerai en amont afin de vous \u00e9viter une mauvaise surprise.<\/p>\n\n\n\n<hr class=\"wp-block-separator has-alpha-channel-opacity\"\/>\n\n\n\n<p>Pour me contacter, \u00e9crivez moi \u00e0 l&#8217;adresse contact@paulvncw.fr, ou sur Instagram @paulvncw nous pourrons discuter des tarifs selon votre projet.<\/p>\n\n\n\n<hr class=\"wp-block-separator has-alpha-channel-opacity\"\/>\n\n\n\n<p>Si la prestation est en dehors de Paris, je peux demander une compensation pour le trajet selon les cas.<\/p>\n","protected":false},"excerpt":{"rendered":"<p>Je propose un tarif de base de 75\u20ac\/h de pr\u00e9sence sur un \u00e9v\u00e8nement en journ\u00e9e (90\u20ac\/h de nuit) avec retouche colorim\u00e9trique simple et tri des photos inclus. Je propose ensuite une colorim\u00e9trie plus compl\u00e8te d&#8217;un nombre de photos au choix pour 1\u20ac\/photo.Pour une retouche avanc\u00e9e allant au-del\u00e0 de la colorim\u00e9trie (photoshop, montage etc&#8230;), je compte &hellip; <\/p>\n<p class=\"link-more\"><a href=\"https:\/\/paulvncw.fr\/index.php\/tarifs-contact\/\" class=\"more-link\">Continue reading<span class=\"screen-reader-text\"> &#8220;Tarifs &amp; Contact&#8221;<\/span><\/a><\/p>\n","protected":false},"author":1,"featured_media":0,"parent":0,"menu_order":0,"comment_status":"closed","ping_status":"closed","template":"","meta":{"footnotes":""},"class_list":["post-78","page","type-page","status-publish","hentry"],"_links":{"self":[{"href":"https:\/\/paulvncw.fr\/index.php\/wp-json\/wp\/v2\/pages\/78","targetHints":{"allow":["GET"]}}],"collection":[{"href":"https:\/\/paulvncw.fr\/index.php\/wp-json\/wp\/v2\/pages"}],"about":[{"href":"https:\/\/paulvncw.fr\/index.php\/wp-json\/wp\/v2\/types\/page"}],"author":[{"embeddable":true,"href":"https:\/\/paulvncw.fr\/index.php\/wp-json\/wp\/v2\/users\/1"}],"replies":[{"embeddable":true,"href":"https:\/\/paulvncw.fr\/index.php\/wp-json\/wp\/v2\/comments?post=78"}],"version-history":[{"count":7,"href":"https:\/\/paulvncw.fr\/index.php\/wp-json\/wp\/v2\/pages\/78\/revisions"}],"predecessor-version":[{"id":234,"href":"https:\/\/paulvncw.fr\/index.php\/wp-json\/wp\/v2\/pages\/78\/revisions\/234"}],"wp:attachment":[{"href":"https:\/\/paulvncw.fr\/index.php\/wp-json\/wp\/v2\/media?parent=78"}],"curies":[{"name":"wp","href":"https:\/\/api.w.org\/{rel}","templated":true}]}}